{"id":107,"date":"2016-12-15T20:09:25","date_gmt":"2016-12-15T19:09:25","guid":{"rendered":"http:\/\/www.yves-salmon.org\/?page_id=107"},"modified":"2016-12-15T21:56:56","modified_gmt":"2016-12-15T20:56:56","slug":"lassociation-du-travail-et-du-capital","status":"publish","type":"page","link":"https:\/\/www.yves-salmon.org\/?page_id=107","title":{"rendered":"L&#8217;Association du Travail et du Capital"},"content":{"rendered":"<h2 class=\"sous-titre\"><a href=\"http:\/\/www.charles-de-gaulle.org\/pages\/l-homme\/accueil\/discours\/de-gaulle-et-la-quatrieme-republique-1946-1958\/plaidoyer-pour-l-association-dans-les-entreprises-14-decembre-1948.php\">De Gaulle et la Quatri\u00e8me R\u00e9publique (1946-1958)<\/a><\/h2>\n<h3>Plaidoyer pour l&#8217;association dans les entreprises, 14 d\u00e9cembre 1948<\/h3>\n<p class=\"phrase\">Nous, peuple fran\u00e7ais rassembl\u00e9, nous voulons que les travailleurs capables deviennent des soci\u00e9taires\u00a0 au lieu d&#8217;\u00eatre des salari\u00e9s.<\/p>\n<p class=\"phrase\">Oh, je ne vais pas, \u00e0 ce sujet, d\u00e9clamer des tirades d\u00e9magogiques. Mais je dirai simplement que si nous voulons cela, ce n&#8217;est pas seulement par souci d&#8217;\u00e9lever la condition ouvri\u00e8re mais c&#8217;est aussi par conscience de ce qui est n\u00e9cessaire au renouveau de la France et \u00e0 l&#8217;avenir de la civilisation. Oui, nous voulons l&#8217;association du travail, du capital et de la direction. Et dans quel cadre ? Je r\u00e9ponds. Dans le cadre de l&#8217;entreprise, parce que c&#8217;est dans l&#8217;entreprise que les travailleurs, les capitalistes et les dirigeants collaborent d&#8217;une mani\u00e8re pratique. Et sous quelle forme, l&#8217;association ? Je r\u00e9ponds. Sous forme de contrat de soci\u00e9t\u00e9 pass\u00e9, sur pied d&#8217;\u00e9galit\u00e9, entre tous les \u00e9l\u00e9ments qui participent et qui s&#8217;engagent les uns vis-\u00e0-vis des autres. Les types de contrat \u00e9tant, naturellement, divers suivant la nature et la dimension des entreprises. Il est bien certain que les modalit\u00e9s de l&#8217;association chez Renault ne seront pas les m\u00eames, exactement, que celles du garage Victor. Et qu&#8217;est-ce qu&#8217;il y aura dans ce contrat d&#8217;association ? Je r\u00e9ponds. Il y aura, naturellement, les conditions particuli\u00e8res que chacun des soci\u00e9taires apporte \u00e0 son concours, par exemple la r\u00e9mun\u00e9ration de base pour les ouvriers, l&#8217;int\u00e9r\u00eat de base pour le capital, qui fournit les installations, les mati\u00e8res premi\u00e8res et l&#8217;outillage, et les droits de base pour les chefs d&#8217;entreprise dont c&#8217;est la charge de diriger et qui ont, notamment, \u00e0 pourvoir aux r\u00e9serves et aux investissements. Mais cela pos\u00e9, le contrat devra pr\u00e9voir et r\u00e9gler la r\u00e9mun\u00e9ration de chacun, du haut en bas, suivant l&#8217;\u00e9chelle hi\u00e9rarchique, en proportion du rendement collectif de l&#8217;entreprise, rendement qui sera constat\u00e9 p\u00e9riodiquement par l&#8217;assembl\u00e9e des participants. Nous croyons que l&#8217;association peut donner \u00e0 la production fran\u00e7aise une impulsion d\u00e9cisive. Le r\u00e9gime nouveau aura, comme avantage social, de lier entre eux, dans l&#8217;entreprise, de lier entre eux au lieu de les opposer dans l&#8217;entreprise, les int\u00e9r\u00eats des ouvriers, des patrons, des capitalistes. Mais aussi&#8230; Oh, nous ne nous faisons pas des illusions \u00e9normes sur le temps et le nombre d&#8217;exp\u00e9riences qu&#8217;il faudra pour changer l&#8217;atmosph\u00e8re. Nous savons qu&#8217;il faudra du temps et des exp\u00e9riences. Mais l&#8217;avantage social \u00e0 obtenir est tel qu&#8217;on doit pouvoir supporter ce temps et ces exp\u00e9riences-l\u00e0. Et puis aussi l&#8217;association aura pour effet technique de pousser tous les producteurs ensemble \u00e0 am\u00e9liorer la productivit\u00e9 et le rendement.<\/p>\n","protected":false},"excerpt":{"rendered":"<p>De Gaulle et la Quatri\u00e8me R\u00e9publique (1946-1958) Plaidoyer pour l&#8217;association dans les entreprises, 14 d\u00e9cembre 1948 Nous, peuple fran\u00e7ais rassembl\u00e9, nous voulons que les travailleurs&#8230;<\/p>\n","protected":false},"author":1,"featured_media":0,"parent":0,"menu_order":0,"comment_status":"closed","ping_status":"closed","template":"","meta":{"footnotes":""},"class_list":["post-107","page","type-page","status-publish","hentry"],"_links":{"self":[{"href":"https:\/\/www.yves-salmon.org\/index.php?rest_route=\/wp\/v2\/pages\/107","targetHints":{"allow":["GET"]}}],"collection":[{"href":"https:\/\/www.yves-salmon.org\/index.php?rest_route=\/wp\/v2\/pages"}],"about":[{"href":"https:\/\/www.yves-salmon.org\/index.php?rest_route=\/wp\/v2\/types\/page"}],"author":[{"embeddable":true,"href":"https:\/\/www.yves-salmon.org\/index.php?rest_route=\/wp\/v2\/users\/1"}],"replies":[{"embeddable":true,"href":"https:\/\/www.yves-salmon.org\/index.php?rest_route=%2Fwp%2Fv2%2Fcomments&post=107"}],"version-history":[{"count":2,"href":"https:\/\/www.yves-salmon.org\/index.php?rest_route=\/wp\/v2\/pages\/107\/revisions"}],"predecessor-version":[{"id":131,"href":"https:\/\/www.yves-salmon.org\/index.php?rest_route=\/wp\/v2\/pages\/107\/revisions\/131"}],"wp:attachment":[{"href":"https:\/\/www.yves-salmon.org\/index.php?rest_route=%2Fwp%2Fv2%2Fmedia&parent=107"}],"curies":[{"name":"wp","href":"https:\/\/api.w.org\/{rel}","templated":true}]}}

<h2 class="sous-titre"><a href="http://www.charles-de-gaulle.org/pages/l-homme/accueil/discours/de-gaulle-et-la-quatrieme-republique-1946-1958/plaidoyer-pour-l-association-dans-les-entreprises-14-decembre-1948.php">De Gaulle et la Quatrième République (1946-1958)</a></h2>
<h3>Plaidoyer pour l&#8217;association dans les entreprises, 14 décembre 1948</h3>
<p class="phrase">Nous, peuple français rassemblé, nous voulons que les travailleurs capables deviennent des sociétaires  au lieu d&#8217;être des salariés.</p>
<p class="phrase">Oh, je ne vais pas, à ce sujet, déclamer des tirades démagogiques. Mais je dirai simplement que si nous voulons cela, ce n&#8217;est pas seulement par souci d&#8217;élever la condition ouvrière mais c&#8217;est aussi par conscience de ce qui est nécessaire au renouveau de la France et à l&#8217;avenir de la civilisation. Oui, nous voulons l&#8217;association du travail, du capital et de la direction. Et dans quel cadre ? Je réponds. Dans le cadre de l&#8217;entreprise, parce que c&#8217;est dans l&#8217;entreprise que les travailleurs, les capitalistes et les dirigeants collaborent d&#8217;une manière pratique. Et sous quelle forme, l&#8217;association ? Je réponds. Sous forme de contrat de société passé, sur pied d&#8217;égalité, entre tous les éléments qui participent et qui s&#8217;engagent les uns vis-à-vis des autres. Les types de contrat étant, naturellement, divers suivant la nature et la dimension des entreprises. Il est bien certain que les modalités de l&#8217;association chez Renault ne seront pas les mêmes, exactement, que celles du garage Victor. Et qu&#8217;est-ce qu&#8217;il y aura dans ce contrat d&#8217;association ? Je réponds. Il y aura, naturellement, les conditions particulières que chacun des sociétaires apporte à son concours, par exemple la rémunération de base pour les ouvriers, l&#8217;intérêt de base pour le capital, qui fournit les installations, les matières premières et l&#8217;outillage, et les droits de base pour les chefs d&#8217;entreprise dont c&#8217;est la charge de diriger et qui ont, notamment, à pourvoir aux réserves et aux investissements. Mais cela posé, le contrat devra prévoir et régler la rémunération de chacun, du haut en bas, suivant l&#8217;échelle hiérarchique, en proportion du rendement collectif de l&#8217;entreprise, rendement qui sera constaté périodiquement par l&#8217;assemblée des participants. Nous croyons que l&#8217;association peut donner à la production française une impulsion décisive. Le régime nouveau aura, comme avantage social, de lier entre eux, dans l&#8217;entreprise, de lier entre eux au lieu de les opposer dans l&#8217;entreprise, les intérêts des ouvriers, des patrons, des capitalistes. Mais aussi&#8230; Oh, nous ne nous faisons pas des illusions énormes sur le temps et le nombre d&#8217;expériences qu&#8217;il faudra pour changer l&#8217;atmosphère. Nous savons qu&#8217;il faudra du temps et des expériences. Mais l&#8217;avantage social à obtenir est tel qu&#8217;on doit pouvoir supporter ce temps et ces expériences-là. Et puis aussi l&#8217;association aura pour effet technique de pousser tous les producteurs ensemble à améliorer la productivité et le rendement.</p>

<p>De Gaulle et la Quatrième République (1946-1958) Plaidoyer pour l&#8217;association dans les entreprises, 14 décembre 1948 Nous, peuple français rassemblé, nous voulons que les travailleurs&#8230;</p>
